6. Let x(n) = a*m(n) - r(n). What is x(f)?
-4
Let p(k) be the first derivative of -1/2*k**2 + 0*k + 2 + 1/3*k**3. Suppose -4*v = n + 12, 0 = 5*v + 4*n + 10 + 16. What is p(v)?
6
Suppose 2*z + 9 = 7. Let v(x) be the second derivative of -x**7/1260 + x**5/120 + 7*x**4/12 + 10*x. Let r(q) be the third derivative of v(q). Give r(z).
-1
Suppose v - 3 = -2*v. Let z(u) be the first derivative of 3*u**4/4 - u**3/3 - u**2/2 + u + 53. Calculate z(v).
2
Suppose -6 = -0*d - 2*d. Let o(n) be the first derivative of -5 - n**3 + 3/2*n**2 + n + 1/4*n**4. Calculate o(d).
10
Let t(g) be the third derivative of -g**5/60 + 5*g**4/24 + 22*g**2. What is t(6)?
-6
Let t be -1 + 3/(6/4). Let r(c) = 0*c**3 - 3*c**2 + c**3 + c + t + c**3 - 3*c**3. Determine r(-4).
13
Suppose k = 4*k + 3, -4*g - 3*k = -13. Suppose -4 = -2*w - d, 4*w + 7 = g*d + 15. Let b(p) = p**3 + 3*p**2 - 3*p. Determine b(w).
14
Let c(i) = i + 8. Suppose -127*x + 741 = -783. Calculate c(x).
20
Let x(m) be the third derivative of -m**4/12 - m**3/3 + 27*m**2 + 1. Give x(10).
-22
Suppose -3*n = -4*r - 5*n + 66, 5*n = 3*r - 17. Suppose -7*b + 5*b = -r. Let h(u) = -6*u + 2*u**2 - 4 - u**2 - 4. Calculate h(b).
-1
Let k(m) = -m**3 + 4*m**2 + m + 2. Suppose 18 = -5*a - 12. Let q be ((-5)/4)/(7 + 57/(-8)). Let z = a + q. Determine k(z).
6
Let t(j) = j**2 - 4*j - 4. Let n be t(4). Let v(k) = k**3 + 2 + 4 + 5*k**2 - 28224*k + 28229*k. Determine v(n).
2
Let k(m) be the second derivative of -m**4/12 + 10*m**3/3 - m**2/2 + 6*m - 3. Give k(20).
-1
Let i = 38 + -27. Let o(y) = -3 - 1 + y**3 - 2*y**2 + 11*y - i*y. Give o(3).
5
Let n = -976 + 969. Let s(x) = x**3 + 7*x**2 - 8*x + 6. Determine s(n).
62
Let a(q) = -3*q - 14. Let h(z) = 2*z + 12. Let u be h(-9). Let g = 9 + u. Let v(m) = -2*m - 14. Let l(f) = g*a(f) - 4*v(f). Calculate l(6).
8
Let x(i) = -2*i + 42. Let s(o) = -4*o + 35. Let g(n) = 6*s(n) - 5*x(n). Calculate g(-1).
14
Let h(y) = y**3 - 2*y + 2 - 56*y**2 + 0 + 59*y**2. What is h(-4)?
-6
Suppose 0 = z + 7 - 1. Let s(h) be the third derivative of -1/6*h**3 + 1/4*h**4 + 0 + 7*h**2 + 0*h - 1/12*h**5 - 1/120*h**6. Determine s(z).
-1
Let v(y) = -2*y**2 + 19*y - 8. Let s be v(9). Let o(i) = -8*i + 1. Give o(s).
-7
Suppose 3 = u, -3*w + 3*u = -6*w + 30. Suppose 0 = 4*g + v - 12, 4*g = 3*v + 14 - 2. Let s = g - w. Let z(q) = q**3 + 5*q**2 + 3*q + 1. What is z(s)?
5
Let s(u) be the first derivative of u**2/2 - u - 87. Give s(13).
12
Let g(z) = 3 + z + 3 - 1 - 2. Calculate g(-9).
-6
Let q(f) = -f - 1 - f**2 - f**2 + f**2 - 25*f**3 + 22*f**3 + 4*f. Give q(2).
-23
Let y(k) be the second derivative of k**3/6 + 6*k**2 - 45*k + 1. Give y(-10).
2
Let r(o) be the first derivative of o**4/4 + 5*o**3/3 - 7*o + 8. Suppose z = -2*z. Suppose z = -4*f + 4, -2*y - 3*f = 2*f + 5. Determine r(y).
-7
Let d(z) = -10 + 0 - 1 - 11*z**2 + 2*z + 12. Calculate d(-1).
-12
Let g be (15 - (4 - (12 - 7)))/2. Let n(a) = a**2 - 4*a - 5. Give n(g).
27
Let q(i) be the second derivative of -i**4/6 - 2*i**3/3 + i**2/2 - 313*i. Calculate q(-3).
-5
Suppose 5*x - 3 = -3*i, 2*x + 4*i - i - 3 = 0. Let a(f) be the third derivative of -1/6*f**3 + 1/12*f**4 + x*f + 0 + 3*f**2. What is a(2)?
3
Let c = -404 - -413. Let g(v) = v - 4. Give g(c).
5
Let x = -19 + 22. Let v(z) = -4*z - 763*z**3 + 5*z**2 + 10*z + 762*z**x. What is v(6)?
0
Let p(x) be the first derivative of 7*x + 7/2*x**2 + 6 + 1/3*x**3. Give p(-6).
1
Let n(g) be the first derivative of g**2/2 + 19*g - 235. Calculate n(-8).
11
Let n(w) = -5*w - 39. Suppose -22 = 2*k + 4*d - 2*d, -k + 5*d = -1. Let a be n(k). Let j(q) = q**2 - 7*q + 4. Give j(a).
-2
Let j(g) = g**2 - 6*g. Suppose 45*t + 15 = 48*t. What is j(t)?
-5
Let n(k) = 4*k**2 + 5*k - 2. Let g(y) be the second derivative of -y**4/4 - 2*y**3/3 + y**2 + 11*y. Let h(c) = -3*g(c) - 2*n(c). Give h(3).
13
Suppose -130*o - 3 = -131*o. Let u(h) = -h**3 + h**2 + 9*h - 4. What is u(o)?
5
Let a(g) be the second derivative of -g**4/12 + g**3 - g**2 - g. Suppose -3*b = -3148 + 3127. What is a(b)?
-9
Let d(s) = -14*s + 1. Let g be -20*11/(110/(-24)). Let p be (33/12)/(3/g). Let n be ((-11)/p)/((-2)/8). Determine d(n).
-13
Let g(d) = -d**3 + d**2 - 1. Let m(c) = -3*c**3 + 7*c**2 + 2*c - 3. Let o(b) = 4*g(b) - m(b). Let u(j) = j**2 - 10*j + 22. Let p be u(6). What is o(p)?
-1
Let r(v) = 2*v**3 - 3*v**2 + 3*v - 2. Suppose 34 = 35*y - 18*y. Give r(y).
8
Let w(j) = -7*j + 6. Suppose 7 = k + 11. Give w(k).
34
Let c(w) be the third derivative of -30*w - w**2 + 0 - 1/24*w**4 - 1/6*w**3. Determine c(5).
-6
Let d(r) = 5*r**2 - 30*r - 12. Let o(j) = 4*j**2 - 29*j - 10. Let h(l) = 3*d(l) - 4*o(l). Calculate h(26).
4
Suppose 7*d - 346 = -374. Let g(x) = 2*x**2 + 9*x + 6. Determine g(d).
2
Suppose -4*z + 5*z + 6 = 0. Let i(a) = 2*a - 3. Let u(c) = -4*c + 6. Let m(n) = z*u(n) - 13*i(n). Let w be -2*(-2 + 0 + 0). Give m(w).
-5
Suppose 0 = 3*x + 2*k - 19, 6*k = -5*x + 2*k + 29. Let y be (-6)/x - (-119)/21. Let b(g) = -g + 5. Give b(y).
0
Suppose 6*p = 3*p + 39. Let g(h) = -h + 12. Let m be g(-5). Let s = m - p. Let c(t) = -3*t + 6. Calculate c(s).
-6
Suppose -4*p = 2*j + 166, -5*p = 2*j + 2*j + 323. Let y = 77 + j. Let r(m) = m**2 - 5. Give r(y).
-5
Let q be 6 - (-2 - -1)*-4. Let o be (1 + -5)*q*9/(-12). Let d(t) = -t - 1. Let s(i) = -3*i + 2. Let x(m) = 2*d(m) - s(m). What is x(o)?
2
Let o(t) = -t. Suppose 11*u = -11*u + 286. What is o(u)?
-13
Let z(j) = -228*j**2 + 116*j**2 + 110*j**2 + 6*j - 2 + 0. What is z(5)?
-22
Let i(z) = z**3 - 8*z**2 - 12*z + 12. Let n be i(9). Let y = n - -23. Let u be (27/18)/((-6)/y). Let c(o) = -3*o + 2. What is c(u)?
8
Let x = 57 + -55. Let b(i) = i**x - 6*i**2 - 2*i + 6*i - 4 + 6*i**3 - 5*i**3. Calculate b(3).
-10
Let a(i) = -22*i + 5*i + 7*i + 11*i. Let c(j) = -3*j + 4*j - 2 + 0*j. Let g be c(-2). Determine a(g).
-4
Let l = -159 + 102. Let i = 61 + l. Let p(m) = 0*m + 2*m - 4*m. What is p(i)?
-8
Let l(m) be the second derivative of -m**4/12 - m**3/6 + m**2 - 39*m. What is l(-3)?
-4
Let k(p) = -p**3 + 9*p**2 - 2*p. Let v(j) = -j**3 + 8*j**2 - 3*j + 1. Let g(w) = -3*k(w) + 4*v(w). Calculate g(5).
-26
Let i(k) be the first derivative of -k**3 + 7/2*k**2 - 1/4*k**4 + 16 + 6*k. Give i(-4).
-6
Let b(o) = o**3 - 6*o**2 + 7*o - 5. Let m = -95 + 98. Let p be ((-10)/3)/((-2)/m). Give b(p).
5
Let v(o) = -5*o + 2. Suppose -2*s + 4 = 4*z, 2*s + 3*s + 6 = -2*z. Give v(s).
12
Let o(c) = 5*c + 3. Let d(u) = u**3 + 8 + 5*u**2 + 2*u**3 - 2 + 6*u - 2*u**3. Let w be d(-4). What is o(w)?
-7
Let k(o) = 2*o - 1. Let c be (-6)/8 - 21/(-12). Let h be (-4 + 8 - 6)/c. Give k(h).
-5
Let u be 6 + (16/10 - 12/(-30)). Let w(k) = -k**3 + 3 - 14 - u*k**2 - 7*k + 4. Let p = -14 + 7. Give w(p).
-7
Let i(a) = -a**2 + 6*a + 2. Suppose 57*v = 61*v. Let r be 5 + 2/6*v. Determine i(r).
7
Let r(a) = 2*a + 9. Let m = 457 - 463. Give r(m).
-3
Let m = -4 + 6. Let g(y) = 2*y**3 + 7*y**2 + y - 3. Let w(q) = -q**3 - 3*q**2 + 1. Let r(z) = m*g(z) + 5*w(z). Determine r(-3).
11
Suppose 2*b = -0*b + 14. Let j(c) = -3 + 8 - b*c + c**2 - 1 + 0. What is j(5)?
-6
Let j = -2128 - -2128. Let l(p) = -16*p - 4. What is l(j)?
-4
Let p(w) be the third derivative of -26*w**2 + 1/60*w**5 + 1/120*w**6 + 0 + 1/24*w**4 + 0*w + 0*w**3. Calculate p(0).
0
Let a(x) = -8 - 1 + 3*x**3 + x**2 - 4*x**3. Let i(s) = -21*s + 756. Let l be i(36). Determine a(l).
-9
Let r = -4 + 0. Let b(z) = -z**2 + 15*z + 8. Let s be b(15). Let h(f) = -13*f + 0 - s*f + 19*f - 5. What is h(r)?
3
Let r = -304 - -291. Let z(k) = k**2 + 13*k + 1. Determine z(r).
1
Let z(s) = -s**3 - 4*s**2 + 6*s + 1. Let k(v) = 7*v + 2. Suppose 0 = 20*a - 22*a + 50. Let m = a - 26. Let c be k(m). Determine z(c).
-4
Let f(l) = l**2 - 4*l + 3. Let s(c) = c. Let q(h) = f(h) - 2*s(h). Suppose 2*i + 3*i = 4*y + 26, -4*i + 5*y = -19. Calculate q(i).
3
Suppose -5*w + 2*w = 0. Let k(l) = w*l**3 - l - 6*l**2 - l**3 - 3 + 0*l. Give k(-6).
3
Let f be (-2)/(-1)*(4 - 5). Let n be 5/f*(2 + -4). Suppose 2*j - u = -8, j + 3*j + 44 = -n*u. Let l(b) = b**2 + 6*b - 7. Determine l(j).
-7
Let r(z) = -1 - 9*z**2 - 5*z + 3*z + 3*z. Let o(w) = -2*w + 33. Let v be o(16). What is r(v)?
-9
Let t be (76/(-266))/((-2)/(-14)). Let x(a) = -2*a**2. What is x(t)?
-8
Let m(a) be the third derivative of -a**4/24 + a**3/3 - a**2. Let u be (-30)/12 + (-60)/(-8). Suppose -u*q - 3*d - 15 